0768)/56)?
3
Let h be 69/(-4) + (-27)/36. Let d be (-4)/h - 4/18. Suppose -3*b + 4*b = 5*m - 383, -b - 3 = d. What is the tens digit of m?
7
Suppose -385 = -46*l + 41*l. What is the tens digit of l?
7
Let r = -5058 + 7219. What is the tens digit of r?
6
Suppose -a = -2*p - 82, 243 - 94 = -3*p - 5*a. Let m = 203 - p. What is the units digit of m?
6
Let d be 21/9 - -4*(-2)/(-12). Suppose 4*o - 3*p = -4*p + 605, -p + 454 = d*o. What is the hundreds digit of o?
1
Let d(u) = 17 - 10*u - 10*u + 6*u - 3*u**2 + 2*u**2. Let s be d(-15). Suppose 9 + 21 = s*t. What is the units digit of t?
5
Suppose 6*i + i = 3199. What is the units digit of i?
7
What is the tens digit of (-280 + -33)/((-1 - -2)*-1)?
1
Suppose 182 + 1156 = -3*f. Let u = f - -670. Suppose 2*c + 2*c - u = 0. What is the units digit of c?
6
Let c(g) = -2*g**2 + g - 5. Let b(z) = z**2 - z + 5. Let x(k) = -3*b(k) - 2*c(k). Let j be x(-6). Suppose -7 = -4*p + j. What is the units digit of p?
8
Let l(a) be the first derivative of 3*a**2 + 8. What is the units digit of l(3)?
8
Let g(v) = 2 + 10 - 2 + v. Let c be g(0). Suppose -5*o - c = -4*k - 1, 24 = 2*k + 4*o. What is the units digit of k?
6
Let k = 691 - -227. What is the hundreds digit of k?
9
Suppose -3*m = -o + 20, -5*m + o - 12 - 20 = 0. Let g = m - -39. What is the tens digit of g?
3
Let l(f) = -20*f + 1. Let s be l(-3). Suppose 2*a = -3*i + 100, a - s = 8*i - 4*i. What is the units digit of a?
3
What is the hundreds digit of (-952)/70*(-52 + 2)?
6
Let z(w) = -21*w + 56. What is the units digit of z(-18)?
4
Suppose -154 = -7*w - 0*w. What is the tens digit of w?
2
Let k(w) be the third derivative of -w**4/24 + 3*w**3/2 + 2*w**2. Let h be k(3). What is the units digit of h/24 + (-110)/(-8)?
4
Let x be (-1)/((2/(-26))/1). Suppose 0 = 2*u - x*u + 858. What is the tens digit of u?
7
Let f = 10 - 1. Suppose -f*p = -6*p. Suppose u - 5*u + 8 = p, -4*v = -3*u - 2. What is the units digit of v?
2
Let x(c) = -270*c - 19. What is the units digit of x(-1)?
1
Let k = 3108 - -3310. What is the tens digit of k?
1
Let b(a) = 7*a - 84. What is the units digit of b(13)?
7
Suppose 0 = 3*t + 5*d + 60, 4*t + 6*d + 80 = 3*d. Let c = t + 9. Let y = 21 + c. What is the units digit of y?
0
Suppose 0 = 2*w - 13 + 5. Suppose -w*o - 19 = 57. Let m = 56 + o. What is the units digit of m?
7
What is the hundreds digit of (-9 - -56)/((-87)/(-84) + -1)?
3
Suppose 2*y = 3*u - 2301, 2*y = 8 - 14. What is the tens digit of u?
6
Suppose 2556*q - 2552*q = 1180. What is the hundreds digit of q?
2
Let i = 14 + -10. Suppose t - 460 = -i*t. Suppose 2*q - 4*q = -t. What is the tens digit of q?
4
Let t(p) = 36 + p**2 + 0*p**3 - 8*p + 3*p**3 - 32. What is the tens digit of t(3)?
7
Suppose 0*k = -2*k - 206. Let m = k + 189. Suppose 7*n + 30 = m. What is the units digit of n?
8
Let r = -7 + 1. Let b(s) = s**3 + 9*s**2 + 7*s + 3. Let k be b(r). Suppose -41 = -5*n + k. What is the units digit of n?
2
Let a(x) be the first derivative of 5*x**2/2 - 25*x + 10. What is the units digit of a(9)?
0
Let y = -198 + 206. Suppose 5*z - 3 - 7 = 0. Suppose 40 = z*h - y. What is the units digit of h?
4
Suppose -13*w + 18*w + 25 = 0. What is the tens digit of 1/(((-5)/128)/w)?
2
Let n(q) = 21*q + 26. Let h(g) = -4*g - 5. Let a(x) = 11*h(x) + 2*n(x). Let z be a(-5). Let b = 8 + z. What is the units digit of b?
5
Suppose -w = 3*l - 370, -2*l + 6*l - 520 = 4*w. Let x = l - 16. What is the tens digit of x?
0
Suppose 4*j = 3*w + 18515, w + 153 - 156 = 0. What is the tens digit of j?
3
Let x(r) = 2*r**3 - 18*r**2 - r + 5. Let i be x(9). Let t(h) = h**3 + 7*h**2 + h + 3. Let q be t(-7). What is the tens digit of (i/q)/(1/33)?
3
Let w(r) = r**3 - 32*r**2 + 74*r + 11. What is the hundreds digit of w(31)?
3
Let i be 6/(-10) - 504/10. Let w = -16 - i. Suppose -4*g - 28 = -2*d, -5*d + 30 + w = -5*g. What is the units digit of d?
2
Let g = -936 - -1601. What is the tens digit of g?
6
Suppose -15*j = -16*j - 4*a + 1568, -3*j + 4713 = 3*a. What is the hundreds digit of j?
5
Let m(b) = 56*b + 54. Let h(i) = -11*i - 11. Let s(g) = -11*h(g) - 2*m(g). What is the tens digit of s(5)?
5
What is the tens digit of -4 + (-5 - -10) + (-702)/(-2)?
5
Suppose -w + 195 - 1450 = -i, 5*i - 6271 = 3*w. What is the hundreds digit of i?
2
Let p(v) = 2*v**2 - 4*v + 4. Let j(q) = -q + 10. Let m be j(8). Let a be (4/(-6))/(m/(-12)). What is the tens digit of p(a)?
2
What is the tens digit of ((-216)/9)/((-106)/102 - -1)?
1
Suppose -26356 = -41*b + 19441. What is the thousands digit of b?
1
Let k = 203 + -158. What is the tens digit of k?
4
Let d = -30 - -59. Let n be d/(-5) + (-15)/75. Let i(t) = 2*t**2 + 9*t + 6. What is the units digit of i(n)?
4
Suppose 37*o - 2*o = 154630. What is the thousands digit of o?
4
Let x(i) = -9*i - 97. What is the units digit of x(-11)?
2
Suppose 9*a = 66*a - 176814. What is the tens digit of a?
0
Suppose 3*c = -5*v + 29, -6*v - 5*c = -5*v - 19. Suppose -2*k = v*i - i - 615, -5*k + 205 = i. What is the tens digit of i?
0
Let f = -54 - -57. Suppose 0 = -2*v - 0*v. Suppose v = 3*b + f*t - 39, 0 = -0*b + 2*b - 2*t - 22. What is the tens digit of b?
1
Suppose -8 + 2 = -3*n. Suppose -2*a - c + 298 = 3*c, -c = -n*a + 283. What is the tens digit of a?
4
Let y = 17 - -51. Suppose -y = -5*g + 4*g. What is the tens digit of g?
6
Let i = -28 - -25. Let k be 21/14 + i/2. Suppose y - 3*y + 86 = k. What is the units digit of y?
3
Let o = 4 + 1. Let y(d) = d**3 + 7*d**2 - 30*d + 3. Let s be y(-10). Suppose s*q = 2*q - o*w + 48, -w - 60 = -q. What is the units digit of q?
8
Suppose 3*i - 369 = 3*c, 6*i - i = 3*c + 607. Let w = 321 - i. What is the tens digit of w?
0
Let j = 274 + -60. What is the units digit of j?
4
Let u(i) = -4*i - 28. Suppose 3*v + 85 = -5*k, v + 2 = -3. What is the tens digit of u(k)?
2
Let y = 473 + -53. What is the hundreds digit of y?
4
Let a(t) = 2*t + 12. Let h(v) = v + 6. Let k(l) = -4*a(l) + 7*h(l). What is the units digit of k(-11)?
5
Let b be 110/(-90) + 2/9. Let x(g) = -68*g**3 + g**2. What is the tens digit of x(b)?
6
Suppose -30 = -3*g + g. Let b(f) = 3*f + 7. Let l be b(-1). Suppose -l*u + g = -5. What is the units digit of u?
5
Let j(u) = -85*u**2 + 8*u - 2. Let d(k) = -85*k**2 + 7*k - 2. Let z(l) = -6*d(l) + 5*j(l). What is the tens digit of z(1)?
8
Let y = 14 - -1. Suppose 298 = 3*w + 4*j, j = -2*j - y. What is the hundreds digit of w?
1
Let p(f) = 27*f**2 + 12*f - 27. What is the units digit of p(5)?
8
Suppose 4115 = v + 56. What is the tens digit of v?
5
Let p = 5661 + -3600. What is the units digit of p?
1
Let h(b) = b**3 - 5*b**2 - b + 9. Let w be h(5). Suppose -w*i - 38 = -158. What is the units digit of i?
0
Let z(u) = -3*u + 205. What is the units digit of z(0)?
5
Let u = -3524 + 5532. What is the hundreds digit of u?
0
Let m(n) be the third derivative of n**6/120 + 7*n**5/30 + 7*n**3/6 + 3*n**2. Let z be m(-14). Suppose -4 = -b + z. What is the units digit of b?
1
Suppose -4*h + 346 = -3254. What is the tens digit of h?
0
Let n(t) = 15*t + 11*t**2 - 4*t**2 + 8*t + 0*t**3 - 24*t - t**3. Let g(z) = -2*z - 1. Let j be g(-3). What is the tens digit of n(j)?
4
Let a = 577 + 75. What is the tens digit of a?
5
Suppose -4*s + 5*x = -2230, 2*s = -2*x + 216 + 890. What is the hundreds digit of s?
5
Suppose 0 = -2*s + 4*j + 2310 - 160, 4*s = -2*j + 4290. What is the thousands digit of s?
1
Let v = -283 - -521. Let t = -162 + v. What is the units digit of t?
6
Let n = 43 + -43. Suppose n = -i + 6 + 92. What is the units digit of i?
8
Suppose g - 6 = 3*x + 51, 0 = 3*g + 9. Let q = 17 + x. Let c(j) = -4*j + 3. What is the units digit of c(q)?
5
What is the tens digit of (-8550)/(-12)*32/12?
0
Suppose 0*a + 3*a + 32 = w, -4*w + 83 = 3*a. Let n = 27 - w. What is the tens digit of -2 + (n - 3) + 53?
5
Let g = -8 - -10. Suppose -4*u + x - 8 = 5, -4*u - g*x - 22 = 0. What is the tens digit of 52 - (-4 + 3)*u?
4
Let f = 49 - -9. Suppose d - 190 = -2*d - 2*a, -d - 2*a = -f. What is the tens digit of d?
6
Suppose 570 = t + g, 0 = -g - 6 + 10. What is the hundreds digit of t?
5
Suppose 5*m + 11 = 51. Suppose m*p + c = 10*p - 158, p - 79 = c. What is the units digit of p?
9
Let f(s) = s**3 - 10*s**2 - 17*s + 21. What is the tens digit of f(12)?
0
Let w(n) = -75*n - 49. What is the hundreds digit